{"id":12,"date":"2021-12-18T11:10:05","date_gmt":"2021-12-18T10:10:05","guid":{"rendered":"https:\/\/mazury.travel\/rowery\/?page_id=12"},"modified":"2022-03-14T10:40:42","modified_gmt":"2022-03-14T09:40:42","slug":"trasy-i-wycieczki","status":"publish","type":"page","link":"https:\/\/mazury.travel\/rowery\/trasy-i-wycieczki\/","title":{"rendered":"Trasy i wycieczki"},"content":{"rendered":"\n<p>Na Warmii i Mazurach znajdziecie mn\u00f3stwo mo\u017cliwo\u015bci do odbywania ciekawych wypraw rowerowych o r\u00f3\u017cnym stopniu trudno\u015bci \u2013 od \u0142atwych, kilkukilometrowych, do bardzo wymagaj\u0105cych, licz\u0105cych setki kilometr\u00f3w. Amatorzy rekreacji na dw\u00f3ch k\u00f3\u0142kach maj\u0105 do dyspozycji wiele szlak\u00f3w rowerowych, wytyczanych nie tylko w okolicach popularnych miejscowo\u015bci wypoczynkowych, ale tak\u017ce w rzadziej odwiedzanych przez turyst\u00f3w zak\u0105tkach regionu. Gdy zatem wybierzecie ju\u017c tras\u0119 wycieczki, sprawdzicie rower oraz spakujecie niezb\u0119dne rzeczy \u2013 mo\u017cecie \u015bmia\u0142o rusza\u0107 w drog\u0119!<\/p>\n","protected":false},"excerpt":{"rendered":"<p>Na Warmii i Mazurach znajdziecie mn\u00f3stwo mo\u017cliwo\u015bci do odbywania ciekawych wypraw rowerowych o r\u00f3\u017cnym stopniu trudno\u015bci \u2013 od \u0142atwych, kilkukilometrowych, do bardzo wymagaj\u0105cych, licz\u0105cych setki kilometr\u00f3w. Amatorzy rekreacji na dw\u00f3ch k\u00f3\u0142kach maj\u0105 do dyspozycji wiele szlak\u00f3w rowerowych, wytyczanych nie tylko w okolicach popularnych miejscowo\u015bci wypoczynkowych, ale tak\u017ce w rzadziej odwiedzanych przez turyst\u00f3w zak\u0105tkach regionu. Gdy [&hellip;]<\/p>\n","protected":false},"author":1,"featured_media":3222,"parent":0,"menu_order":4,"comment_status":"closed","ping_status":"closed","template":"taxonomy-kategorie_obszar.php","meta":{"inline_featured_image":false,"footnotes":""},"class_list":["post-12","page","type-page","status-publish","has-post-thumbnail","hentry"],"_links":{"self":[{"href":"https:\/\/mazury.travel\/rowery\/wp-json\/wp\/v2\/pages\/12","targetHints":{"allow":["GET"]}}],"collection":[{"href":"https:\/\/mazury.travel\/rowery\/wp-json\/wp\/v2\/pages"}],"about":[{"href":"https:\/\/mazury.travel\/rowery\/wp-json\/wp\/v2\/types\/page"}],"author":[{"embeddable":true,"href":"https:\/\/mazury.travel\/rowery\/wp-json\/wp\/v2\/users\/1"}],"replies":[{"embeddable":true,"href":"https:\/\/mazury.travel\/rowery\/wp-json\/wp\/v2\/comments?post=12"}],"version-history":[{"count":2,"href":"https:\/\/mazury.travel\/rowery\/wp-json\/wp\/v2\/pages\/12\/revisions"}],"predecessor-version":[{"id":2763,"href":"https:\/\/mazury.travel\/rowery\/wp-json\/wp\/v2\/pages\/12\/revisions\/2763"}],"wp:featuredmedia":[{"embeddable":true,"href":"https:\/\/mazury.travel\/rowery\/wp-json\/wp\/v2\/media\/3222"}],"wp:attachment":[{"href":"https:\/\/mazury.travel\/rowery\/wp-json\/wp\/v2\/media?parent=12"}],"curies":[{"name":"wp","href":"https:\/\/api.w.org\/{rel}","templated":true}]}}