{"id":16,"date":"2021-12-18T11:11:23","date_gmt":"2021-12-18T10:11:23","guid":{"rendered":"https:\/\/mazury.travel\/rowery\/?page_id=16"},"modified":"2022-05-31T15:37:00","modified_gmt":"2022-05-31T13:37:00","slug":"polityka-prywatnosci","status":"publish","type":"page","link":"https:\/\/mazury.travel\/rowery\/polityka-prywatnosci\/","title":{"rendered":"Polityka prywatno\u015bci"},"content":{"rendered":"\n<p><strong>Polityka prywatno\u015bci i Cookies Warmi\u0144sko\u2013Mazurskiej Regionalnej Organizacji Turystycznej<\/strong><br><br><\/p>\n\n\n\n<p>Obowi\u0105zuje od&nbsp; 3 marca 2020 r.<br><br><\/p>\n\n\n\n<p><strong>I. POJ\u0118CIA<\/strong><br><br><\/p>\n\n\n\n<p><strong>Warmi\u0144sko \u2013 Mazurska Regionalna Organizacja Turystyczna<\/strong>&nbsp;z siedzib\u0105 w Olsztynie przy ul. Staromiejskiej 1 , 10-017 Olsztyn, wpisana do rejestru przedsi\u0119biorc\u00f3w Krajowego Rejestru S\u0105dowego prowadzonego przez S\u0105d Rejonowy w Olsztynie, VIII Wydzia\u0142 Gospodarczy Krajowego Rejestru S\u0105dowego Wydzia\u0142 Gospodarczy, pod nr KRS: 0000149263, NIP: 7393345833,<br><br><\/p>\n\n\n\n<p><strong>Strona internetowa<\/strong>&nbsp;\u2013 strona internetowa&nbsp;<a href=\"http:\/\/www.mazury.travel\/\">www.mazury.travel<\/a>. wraz z jej podstronami;<br><br><\/p>\n\n\n\n<p><strong>U\u017cytkownik&nbsp;<\/strong>\u2013 osoba odwiedzaj\u0105ca Stron\u0119 internetow\u0105 w tym osoba wysy\u0142aj\u0105ca wiadomo\u015b\u0107 z wykorzystaniem formularza kontaktowego znajduj\u0105cego si\u0119 na Stronie internetowej;<br><br><\/p>\n\n\n\n<p><strong>RODO<\/strong>&nbsp;\u2013 Rozporz\u0105dzenie Parlamentu Europejskiego i Rady (UE) 2016\/679 z dnia 27 kwietnia 2016 r. w sprawie ochrony os\u00f3b fizycznych w zwi\u0105zku z przetwarzaniem danych osobowych i w sprawie swobodnego przep\u0142ywu takich danych oraz uchylenia dyrektywy 95\/46\/WE (og\u00f3lne rozporz\u0105dzenie o ochronie danych).<br><br><\/p>\n\n\n\n<p><strong>Gromadzenie danych<\/strong><\/p>\n\n\n\n<p>Podczas ka\u017cdej wizyty serwis automatycznie gromadzi informacje dotycz\u0105ce wizyty, g\u0142\u00f3wnie odnosz\u0105ce si\u0119 do u\u017cytkownika, wcze\u015bniej odwiedzanych witryn internetowych, numeru IP u\u017cytkownika, jak r\u00f3wnie\u017c typu u\u017cywanej przegl\u0105darki. Dane te s\u0105 zbierane automatycznie w odniesieniu do ka\u017cdego u\u017cytkownika.<br><br><\/p>\n\n\n\n<p><strong>II. ADMINISTRATOR TWOICH DANYCH OSOBOWYCH<\/strong><br><br><\/p>\n\n\n\n<p><strong>Warmi\u0144sko\u2013Mazurska&nbsp;Regionalna Organizacja Turystyczna<\/strong>&nbsp;jest administratorem Pa\u0144stwa danych osobowych.<br><br><\/p>\n\n\n\n<p>W razie pyta\u0144 dotycz\u0105cych przetwarzania Twoich danych osobowych oraz przys\u0142uguj\u0105cych Pa\u0144stwu praw prosimy o kontakt na maila:<br><br><\/p>\n\n\n\n<p><strong>III. ZASADY PRZETWARZANIA DANYCH OSOBOWYCH UCZESTNIK\u00d3W<\/strong><br><br><\/p>\n\n\n\n<p><strong>Administrator<\/strong>&nbsp;szanuje prawa do ochrony prywatno\u015bci i gwarantuje prawo wyboru w zakresie udost\u0119pniania informacji, kt\u00f3re ich dotycz\u0105. Dok\u0142adamy najwy\u017cszych stara\u0144, aby Pa\u0144stwa dane osobowe by\u0142y przetwarzane zgodnie z obowi\u0105zuj\u0105cymi przepisami prawa polskiego i Unii Europejskiej. Przedstawiona poni\u017cej polityka prywatno\u015bci wyja\u015bnia stosowane przez nas zasady gromadzenia i przetwarzania danych osobowych.<br><br><\/p>\n\n\n\n<p>Administrator zbieraj\u0105c i przetwarzaj\u0105c dane osobowe, stosuje si\u0119 do wszystkich poni\u017cszych zasad przetwarzania danych<br>a. \u201ezgodno\u015b\u0107 z prawem, rzetelno\u015b\u0107 i przejrzysto\u015b\u0107\u201d,<br>b. \u201eograniczenie celu\u201d,<br>c. \u201eminimalizacja danych\u201d,<br>d. \u201eprawid\u0142owo\u015b\u0107\u201d,<br>e. \u201eograniczenie przechowywania\u201d,<br>f. \u201eintegralno\u015b\u0107 i poufno\u015b\u0107\u201d.<br><br><\/p>\n\n\n\n<p><strong>IV. PLIKI COOKIES<\/strong><br><br><\/p>\n\n\n\n<p>Wyra\u017caj\u0105c zgod\u0119 na wykorzystanie plik\u00f3w cookies przez&nbsp;<strong>Administratora<\/strong>&nbsp;o\u015bwiadcza Pan\/Pani, \u017ce Pana\/Pani przegl\u0105darka jest ustawiona w tym zakresie zgodnie z Pana\/Pani preferencjami.<br>Podczas przegl\u0105dania Strony internetowej, stosownie do konfiguracji przegl\u0105darki, na komputerze U\u017cytkownika (urz\u0105dzeniu ko\u0144cowym) mo\u017ce zosta\u0107 zapisany jeden lub kilka plik\u00f3w cookies.<br>Przed wyra\u017ceniem zgody, na komputerze U\u017cytkownika zapisywane s\u0105 pliki cookies&nbsp;<strong>Administratora<\/strong>&nbsp;niezb\u0119dne do prawid\u0142owego funkcjonowania Strony internetowej.<br>Pliki cookies mog\u0105 by\u0107 zamieszczane przez&nbsp;<strong>Administratora<\/strong>&nbsp;jak i podmioty trzecie, z kt\u00f3rymi&nbsp;<strong>Administrator<\/strong>&nbsp;wsp\u00f3\u0142pracuje. Prosimy o zapoznanie si\u0119 z poni\u017cszymi informacjami na temat plik\u00f3w cookies oraz sposobu ich wykorzystywania.<br><br><\/p>\n\n\n\n<p><strong>V. JAKIE DANE ZBIERAMY<\/strong><br><br><\/p>\n\n\n\n<p>1. Dane podane przez U\u017cytkownika podczas wysy\u0142ania wiadomo\u015bci z wykorzystaniem formularza kontaktowego znajduj\u0105cego si\u0119 na Stronie internetowej:<br>a. adres poczty elektronicznej,<\/p>\n\n\n\n<p>2. Dane zbierane automatycznie:<br>Podczas Pana\/Pani wizyty na naszej Stronie internetowej automatycznie zbierane s\u0105 dane dotycz\u0105ce Pana\/Pani wizyty, w szczeg\u00f3lno\u015bci adres IP, nazwa domeny, typ przegl\u0105darki, typ systemu operacyjnego. Wi\u0119cej informacji w cz\u0119\u015bci po\u015bwi\u0119conej plikom cookies.<br><br><\/p>\n\n\n\n<p><strong>VI. W JAKIM CELU I NA JAKIEJ PODSTAWIE B\u0118D\u0104 PRZETWARZANE DANE<\/strong><br><br><\/p>\n\n\n\n<p>Pana\/Pani dane osobowe pozyskane w zwi\u0105zku z wys\u0142aniem przez Pana\/Pani\u0105 wiadomo\u015bci z wykorzystaniem formularza kontaktowego i udzieleniem odpowiedzi na zadane przez Pana\/Pani\u0105 pytanie\/ustosunkowanie si\u0119 do wys\u0142anej wiadomo\u015bci przetwarzane w nast\u0119puj\u0105cych celach:<br><br><\/p>\n\n\n\n<p>1. odpowiedzi na zapytanie\/wiadomo\u015b\u0107 wskazane w tre\u015bci formularza kontaktowego,<br>2. zwi\u0105zanych z prowadzon\u0105 przez&nbsp;<strong>Administratora<\/strong>&nbsp;dzia\u0142alno\u015bci\u0105, w tym na potrzeby prowadzenia analiz i statystyk;<br>3. prowadzenia dzia\u0142a\u0144 zwi\u0105zanych z zapewnieniem bezpiecze\u0144stwa;<br>4. archiwizacji;<br><br><\/p>\n\n\n\n<p>Podstaw\u0105 prawn\u0105 przetwarzania danych b\u0119dzie:<br>1. niezb\u0119dno\u015b\u0107 do podj\u0119cia dzia\u0142a\u0144 na Pana\/Pani\u0105 \u017c\u0105danie w zwi\u0105zku z wys\u0142an\u0105 wiadomo\u015bci\u0105 w tre\u015bci formularza kontaktowego;<br>2. niezb\u0119dno\u015b\u0107 do wype\u0142nienia obowi\u0105zku prawnego ci\u0105\u017c\u0105cego na&nbsp;<strong>Administratorze<\/strong>;<br>3. niezb\u0119dno\u015b\u0107 do osi\u0105gni\u0119cia cel\u00f3w wynikaj\u0105cych z prawnie uzasadnionych interes\u00f3w realizowanych przez&nbsp;<strong>Administratora<\/strong>, np. takich jak marketing bezpo\u015bredni , zapewnienie prawid\u0142owego dzia\u0142ania Strony internetowej,<br>4. udzielona zgoda;<br><br><\/p>\n\n\n\n<p><strong>VII. KTO B\u0118DZIE ODBIORC\u0104 PANA\/PANI DANYCH, GDZIE B\u0118D\u0104 ONE PRZEKAZYWANE<\/strong><br><br><\/p>\n\n\n\n<p>Pana\/Pani dane mog\u0105 by\u0107 przekazane do pa\u0144stwa trzeciego (m.in. USA) w zwi\u0105zku z:<br>1. prowadzonymi dzia\u0142aniami podejmowanymi na serwisach spo\u0142eczno\u015bciowych oraz wykorzystaniem wtyczek i innych narz\u0119dzi pochodz\u0105cych z tych serwis\u00f3w (m.in. Facebook, Twitter, Instagram, Google+);<br>2. wykorzystaniem narz\u0119dzi analitycznych i s\u0142u\u017c\u0105cych zanonimizowanemu \u015bledzeniu zachowa\u0144 U\u017cytkownik\u00f3w, w szczeg\u00f3lno\u015bci takich jak Google Analytics, Google Adwords;<br><br><\/p>\n\n\n\n<p>Pana\/Pani dane mog\u0105 by\u0107 przekazywane:<br>1. procesorom w zwi\u0105zku ze zleconymi przez&nbsp;<strong>Administratora<\/strong>&nbsp;dzia\u0142aniami realizowanymi w imieniu&nbsp;<strong>Administratora<\/strong>;<br>2. firmom \u015bwiadcz\u0105cym us\u0142ugi z zakresu obs\u0142ugi IT;<br>3. kancelariom prawnym, kt\u00f3rym&nbsp;<strong>Administrator<\/strong>&nbsp;zleci np. prowadzenie post\u0119powania;<br>4. podmiotom lub organom uprawnionym na podstawie przepis\u00f3w prawa.<br><br><\/p>\n\n\n\n<p><strong>VIII. PRZEZ JAKI OKRES DANE B\u0118D\u0104 PRZETWARZANE<\/strong><br><br><\/p>\n\n\n\n<p>Okres przetwarzania Pana\/Pani danych osobowych jest uzale\u017cniony od celu, w jakim dane s\u0105 przetwarzane. Okres, przez jaki Pana\/Pani dane osobowe b\u0119d\u0105 przechowywane, jest obliczany w oparciu o nast\u0119puj\u0105ce kryteria:<br><br><\/p>\n\n\n\n<p>1. przepisy prawa, kt\u00f3re mog\u0105 obligowa\u0107&nbsp;<strong>Administratora<\/strong>&nbsp;do przetwarzania danych przez okre\u015blony czas;<br>2. okres, kt\u00f3ry jest niezb\u0119dny do ochrony interes\u00f3w&nbsp;<strong>Administratora<\/strong>;<br>3. okres niezb\u0119dny do \u015bwiadczenia us\u0142ug przez&nbsp;<strong>Administratora<\/strong>&nbsp;i zapewnienia niezb\u0119dnej obs\u0142ugi U\u017cytkownika;<br>4. okres, na jaki zosta\u0142a udzielona zgoda.<br><br><\/p>\n\n\n\n<p>Jednak\u017ce, okres przechowywania Twoich danych osobowych b\u0119dzie wynosi\u0142 maksymalnie 2 lata od dnia wys\u0142ania przez Pana\/Pani\u0105 wiadomo\u015bci z wykorzystaniem formularza kontaktowego.<br><br><\/p>\n\n\n\n<p>IX. JAKIE MA&nbsp;<strong>PAN\/PANI<\/strong>&nbsp;PRAWA<br><br><\/p>\n\n\n\n<p>Ma Pan\/Pani prawo do:<br><br><\/p>\n\n\n\n<p>1. \u017c\u0105dania dost\u0119pu do danych osobowych dotycz\u0105cych Pana\/Pani osoby;<br>2. sprostowania danych;<br>3. \u017c\u0105dania uzupe\u0142nienia niekompletnych danych osobowych, w tym poprzez przedstawienie dodatkowego o\u015bwiadczenia;<br>4. usuni\u0119cia danych lub ograniczenia przetwarzania;<br>5. wniesienia sprzeciwu wobec dalszego przetwarzania Pana\/Pani danych osobowych;<br>6. przeniesienia Pana\/Pani danych osobowych.<br><br><\/p>\n\n\n\n<p>Ma Pan\/Pani prawo do cofni\u0119cia wyra\u017conej zgody w dowolnym momencie. Wycofanie zgody nie ma wp\u0142ywu na zgodno\u015b\u0107 z prawem przetwarzania Pana\/Pani danych, kt\u00f3rego dokonano na podstawie udzielonej zgody przed jej cofni\u0119ciem.<br><br><\/p>\n\n\n\n<p>Przetwarzaj\u0105c Pana\/Pani dane, kt\u00f3re s\u0105 zbierane za pomoc\u0105 plik\u00f3w cookies,&nbsp;<strong>Administrator<\/strong>&nbsp;w wi\u0119kszo\u015bci przypadk\u00f3w nie jest w stanie zidentyfikowa\u0107 Pana\/Pani osoby. Zatem je\u015bli chcia\u0142by Pan\/Pani skorzysta\u0107 z przys\u0142uguj\u0105cych praw, mo\u017ce Pan\/Pani zosta\u0107 poproszony o dostarczenie dodatkowych informacji w celu dokonania identyfikacji.<br><br><\/p>\n\n\n\n<p>W przypadku w\u0105tpliwo\u015bci co do prawid\u0142owo\u015bci przetwarzania Pana\/Pani danych osobowych przez&nbsp;<strong>Administratora<\/strong>&nbsp;ma Pan\/Pani prawo wniesienia skargi do Prezesa Urz\u0119du Ochrony Danych Osobowych (ul. Stawki 2, Warszawa).<br><br><\/p>\n\n\n\n<p><strong>X. JAKIE B\u0118D\u0104 KONSEKWENCJE NIEPODANIA DANYCH<\/strong><br><br><\/p>\n\n\n\n<p>Podanie przez Pana\/Pani\u0105 danych jest warunkiem mo\u017cliwo\u015bci wys\u0142ania zapytania poprzez formularz kontaktowy. Nie jest Pan\/Pani zobowi\u0105zany\/a do podania tych danych, jednak\u017ce konsekwencj\u0105 ich niepodania b\u0119dzie brak mo\u017cliwo\u015bci wys\u0142ania przez Pana\/Pani\u0105 zapytania z wykorzystaniem formularza kontaktowego.<br><br><\/p>\n\n\n\n<p><strong>XI. W JAKI SPOS\u00d3B PROFILUJEMY<\/strong><br><br><\/p>\n\n\n\n<p><strong>Administrator<\/strong>&nbsp;nie korzysta z system\u00f3w s\u0142u\u017c\u0105cych do zautomatyzowanego podejmowania decyzji.<br><br><\/p>\n\n\n\n<p><strong>XII. WYKORZYSTYWANIE PLIK\u00d3W COOKIES<\/strong><br><br><\/p>\n\n\n\n<p>Strona internetowa wykorzystuje pliki cookies, kt\u00f3re s\u0142u\u017c\u0105 identyfikacji Pana\/Pani przegl\u0105darki podczas korzystania z naszej strony. Pliki cookies zawieraj\u0105 niewielkie ilo\u015bci tekstu mo\u017cliwego do odczytania tylko przez stron\u0119, kt\u00f3ra je wysy\u0142a. Dzi\u0119ki zebranym informacjom mo\u017cemy uzyska\u0107 wiedz\u0119 o tym, jak cz\u0119sto odwiedza Pan\/Pani nasz serwis i kt\u00f3re jego elementy najbardziej Pana\/Pani\u0105 interesuj\u0105. Uzyskane dane wykorzystujemy dla lepszego dostosowania serwis\u00f3w www do Pana\/Pani potrzeb, usprawnienia funkcjonowania serwisu oraz w celach statystycznych i reklamowych. Pliki te nie mog\u0105 by\u0107 wykorzystane do infekowania urz\u0105dzenia wirusami lub innym z\u0142o\u015bliwym oprogramowaniem (malware).<br><br><\/p>\n\n\n\n<p>Ka\u017cdy indywidualny cookies sk\u0142ada si\u0119 z czterech podstawowych cz\u0119\u015bci:<br><br><\/p>\n\n\n\n<p>1. nazwa strony WWW: nazwa domeny lub subdomeny, kt\u00f3ra ustawi\u0142a cookies;<br>2. nazwa cookies: cookies ma nazw\u0119, unikatow\u0105 na stronie, kt\u00f3ra je ustawi\u0142a;<br>3. termin wa\u017cno\u015bci: wa\u017cno\u015b\u0107 niekt\u00f3rych plik\u00f3w cookies wygasa po zamkni\u0119ciu przegl\u0105darki (tzw. cookies sesji), inne cookies zostan\u0105 automatycznie usuni\u0119te dopiero po osi\u0105gni\u0119ciu daty wa\u017cno\u015bci, kt\u00f3ra zosta\u0142a ustawiona (tzw. trwa\u0142e cookies);<br>4. warto\u015b\u0107: to informacje w pliku cookies, kt\u00f3rych strona WWW u\u017cywa do \u201ezapami\u0119tania\u201d poprzedniej wizyty.<br><br><\/p>\n\n\n\n<p>W plikach cookies przechowujemy podstawowe informacje o U\u017cytkownikach oraz informacje potrzebne do optymalizacji i poprawnego wy\u015bwietlania tre\u015bci zawartych na stronach. Informacje te s\u0142u\u017c\u0105 do:<br><br><\/p>\n\n\n\n<p>1. rozpoznawania U\u017cytkownik\u00f3w loguj\u0105cych si\u0119 na chronionych stronach internetowych, co umo\u017cliwia im odwiedzanie wielu stron bez konieczno\u015bci wpisywania nazwy U\u017cytkownika i has\u0142a do ka\u017cdej ze stron;<br>2. rejestrowania preferencji U\u017cytkownik\u00f3w \u2013 przegl\u0105danej zawarto\u015bci i formatu przegl\u0105dania (U\u017cytkownik nie musi ustawia\u0107 preferencji przy ka\u017cdej wizycie na stronie);<br>3. rejestrowania stron odwiedzanych przez U\u017cytkownik\u00f3w, co pozwala zebra\u0107 dane pomocne we wprowadzaniu usprawnie\u0144 w tre\u015bci i w sposobie nawigacji strony.<br><br><\/p>\n\n\n\n<p>U\u017cytkownicy naszego serwisu mog\u0105 w dowolnej chwili zaprzesta\u0107 dostarczania tych informacji naszemu serwisowi poprzez wykasowanie plik\u00f3w cookies zapisanych na ich urz\u0105dzeniach ko\u0144cowych przez nasz serwis. Aby tego dokona\u0107, nale\u017cy zmieni\u0107 ustawienia aktualnie u\u017cywanej przegl\u0105darki internetowej.<br><br><\/p>\n\n\n\n<p>Ma Pan\/Pani prawo do odmowy zapisywania i odczytywania plik\u00f3w cookies na Pani\/Pana urz\u0105dzeniu (komputerze, telefonie). Aby to zrobi\u0107, musi Pan\/Pani zaznaczy\u0107 odpowiednie ustawienia w opcjach przegl\u0105darki internetowej lub nie wyrazi\u0107 zgody w przypadku, gdy aplikacja zawarta na serwisie internetowym b\u0119dzie si\u0119 Pana\/Pani\u0105 o to pyta\u0107.<br><br><\/p>\n\n\n\n<p>Skonfigurowanie przegl\u0105darki w spos\u00f3b, kt\u00f3ry zablokuje instalacj\u0119 plik\u00f3w cookies dla okre\u015blonych, wybranych przez U\u017cytkownika stron internetowych lub dla wszystkich stron, mo\u017ce spowodowa\u0107 utrat\u0119 pewnych funkcjonalno\u015bci i utrudni\u0107 lub uniemo\u017cliwi\u0107 pe\u0142ne wykorzystanie jej mo\u017cliwo\u015bci. Zgodnie z wymogami Prawa telekomunikacyjnego i RODO za potwierdzenie zgody na wykorzystanie plik\u00f3w cookies uznaje si\u0119 skonfigurowanie przegl\u0105darki pozwalaj\u0105ce na instalacj\u0119 plik\u00f3w cookies na komputerze (patrz linki powy\u017cej). Informacje na temat zarz\u0105dzania plikami cookies mo\u017cna znale\u017a\u0107 na stronie (http:\/\/www.allaboutcookies.org\/manage-cookies\/) lub (http:\/\/wszystkoociasteczkach.pl\/).<br><br><\/p>\n\n\n\n<p><strong>XIII. W JAKI SPOS\u00d3B ZABEZPIECZAMY PANA\/PANI DANE OSOBOWE<\/strong><\/p>\n\n\n\n<p><br><\/p>\n\n\n\n<p>Komunikacja mi\u0119dzy Pana\/Pani komputerem a naszym serwerem, gdy zbieramy Pana\/Pani dane osobowe, jest zaszyfrowana z u\u017cyciem protoko\u0142u SSL (Secure Socket Layer). Dodatkowo nasze bazy danych s\u0105 zabezpieczone przed wgl\u0105dem os\u00f3b trzecich.<\/p>\n\n\n\n<p><br><\/p>\n\n\n\n<p><strong>XIV. ZMIANY NASZEJ POLITYKI PRYWATNO\u015aCI<\/strong><br><br><\/p>\n\n\n\n<p>Zastrzegamy sobie prawo zmiany przedstawionej polityki prywatno\u015bci poprzez opublikowanie nowej tre\u015bci na naszej stronie internetowej. Po dokonaniu zmiany polityka prywatno\u015bci uka\u017ce si\u0119 na stronie z now\u0105 dat\u0105.<\/p>\n","protected":false},"excerpt":{"rendered":"<p>Polityka prywatno\u015bci i Cookies Warmi\u0144sko\u2013Mazurskiej Regionalnej Organizacji Turystycznej Obowi\u0105zuje od&nbsp; 3 marca 2020 r. I. POJ\u0118CIA Warmi\u0144sko \u2013 Mazurska Regionalna Organizacja Turystyczna&nbsp;z siedzib\u0105 w Olsztynie przy ul. Staromiejskiej 1 , 10-017 Olsztyn, wpisana do rejestru przedsi\u0119biorc\u00f3w Krajowego Rejestru S\u0105dowego prowadzonego przez S\u0105d Rejonowy w Olsztynie, VIII Wydzia\u0142 Gospodarczy Krajowego Rejestru S\u0105dowego Wydzia\u0142 Gospodarczy, pod nr [&hellip;]<\/p>\n","protected":false},"author":1,"featured_media":3223,"parent":0,"menu_order":6,"comment_status":"closed","ping_status":"closed","template":"","meta":{"inline_featured_image":false,"footnotes":""},"class_list":["post-16","page","type-page","status-publish","has-post-thumbnail","hentry"],"_links":{"self":[{"href":"https:\/\/mazury.travel\/rowery\/wp-json\/wp\/v2\/pages\/16","targetHints":{"allow":["GET"]}}],"collection":[{"href":"https:\/\/mazury.travel\/rowery\/wp-json\/wp\/v2\/pages"}],"about":[{"href":"https:\/\/mazury.travel\/rowery\/wp-json\/wp\/v2\/types\/page"}],"author":[{"embeddable":true,"href":"https:\/\/mazury.travel\/rowery\/wp-json\/wp\/v2\/users\/1"}],"replies":[{"embeddable":true,"href":"https:\/\/mazury.travel\/rowery\/wp-json\/wp\/v2\/comments?post=16"}],"version-history":[{"count":6,"href":"https:\/\/mazury.travel\/rowery\/wp-json\/wp\/v2\/pages\/16\/revisions"}],"predecessor-version":[{"id":4093,"href":"https:\/\/mazury.travel\/rowery\/wp-json\/wp\/v2\/pages\/16\/revisions\/4093"}],"wp:featuredmedia":[{"embeddable":true,"href":"https:\/\/mazury.travel\/rowery\/wp-json\/wp\/v2\/media\/3223"}],"wp:attachment":[{"href":"https:\/\/mazury.travel\/rowery\/wp-json\/wp\/v2\/media?parent=16"}],"curies":[{"name":"wp","href":"https:\/\/api.w.org\/{rel}","templated":true}]}}